9*x - 516. What is u(-12)?
0
Let r(p) = 14*p**2 - 158*p + 45. Determine r(11).
1
Let n(z) = 14*z**2 - 1. Determine n(-5).
349
Let b(h) = h**3 + 7*h**2 + 4*h - 5. What is b(-4)?
27
Let u(w) = 1156*w - 5771. Calculate u(5).
9
Let x(f) = 2*f**2 - 7*f - 9. Determine x(9).
90
Let x(a) = -8*a - 92. Determine x(-9).
-20
Let y(p) = p**3 - 17*p**2 - 44*p + 38. Determine y(19).
-76
Let y(g) = -39*g - 102. Calculate y(-3).
15
Let a(u) = -u**3 - 30*u**2 - 5*u + 722. Determine a(-29).
26
Let g(j) = 117*j - 160. What is g(8)?
776
Let j(z) = -37*z - 889. Calculate j(-24).
-1
Let s(g) = -2*g**2 + 46*g - 60. What is s(24)?
-108
Let l(p) = 2935*p - 17616. What is l(6)?
-6
Let r(z) = -17*z - 51. What is r(-17)?
238
Let c(i) = -2*i**3 + 53*i**2 - 27*i - 86. What is c(26)?
-112
Let o(l) = l**3 + 109*l**2 - 1322*l - 243. Calculate o(-120).
-3
Let u(b) = b**3 + 15*b**2 + 50*b + 67. Give u(-8).
115
Let o(s) = 21*s - 23. What is o(16)?
313
Let d(k) = 723*k - 1738. Calculate d(4).
1154
Let h(k) = k**3 + 11*k**2 + 26*k + 22. What is h(-7)?
36
Let z(d) = -d - 20. Calculate z(71).
-91
Let v(l) = l**2 + 2974*l + 20773. What is v(-7)?
4
Let j(a) = -a**3 - 62*a**2 - 175*a + 132. Determine j(-59).
14
Let q(x) = -x**3 - 49*x**2 + 96*x - 305. What is q(-51)?
1
Let a(x) = 26*x + 186. Give a(-7).
4
Let k(v) = 5*v**3 - 9*v**2 - 33*v - 22. Determine k(-2).
-32
Let w(d) = d**2 - 38*d + 89. What is w(36)?
17
Let l(r) = 77*r - 82. What is l(5)?
303
Let h(f) = 2*f**3 - 34*f**2 - 47*f - 20. Determine h(18).
-218
Let h(v) = 2*v**3 - 17*v**2 + 66*v - 6. Determine h(5).
149
Let s(v) = -1977*v - 3965. What is s(-2)?
-11
Let d(y) = 9*y - 557. What is d(53)?
-80
Let h(v) = 2*v**3 + 55*v**2 - 42*v - 394. Give h(-28).
-2
Let k(x) = -x**3 + 5*x + 47. What is k(0)?
47
Let h(r) = 2*r**2 - 1124*r + 24785. Calculate h(23).
-9
Let g(c) = 4*c**3 - 2*c**2 + 41. Calculate g(0).
41
Let x(m) = 6*m + 257. What is x(0)?
257
Let s(i) = i**3 + 27*i**2 - 124*i + 41. What is s(-31)?
41
Let l(c) = -c**2 - 7*c + 22. Determine l(-10).
-8
Let a(c) = -65*c - 17. What is a(-2)?
113
Let h(j) = -146*j + 104. What is h(1)?
-42
Let a(w) = -221*w + 869. Calculate a(4).
-15
Let p(r) = -2*r**3 - 7*r**2 + 3*r + 19. Determine p(-5).
79
Let k(c) = c**2 + 347*c + 3676. Determine k(-11).
-20
Let c(h) = -h**3 - 6*h**2 + 9*h + 50. What is c(-6)?
-4
Let u(x) = -277*x**2 + 2206*x - 5. Determine u(8).
-85
Let n(u) = 5774*u - 121254. Calculate n(21).
0
Let v(q) = -21*q**2 - 268*q + 70. Calculate v(-13).
5
Let c(h) = 196*h - 2349. Determine c(12).
3
Let j(d) = 365*d - 5851. Determine j(16).
-11
Let f(u) = 938*u - 6603. Calculate f(7).
-37
Let l(h) = 5*h**2 + 29*h - 789. What is l(10)?
1
Let c(i) = i**3 + 27*i**2 - 30*i - 37. What is c(-28)?
19
Let s(l) = l**2 + 210*l + 834. Calculate s(-4).
10
Let n(y) = -y**3 + 12*y**2 + 14*y - 197. Determine n(11).
78
Let y(c) = 2*c**2 + 235*c + 17. Give y(0).
17
Let q(f) = f**3 - 5*f**2 + 23*f - 34. What is q(5)?
81
Let l(f) = 3*f**2 - 316*f - 2614. Calculate l(113).
-15
Let m(z) = -z**2 - 45*z - 113. What is m(-3)?
13
Let m(f) = f**3 + 16*f**2 + 50*f + 4. Give m(-12).
-20
Let k(l) = -l**3 + 10*l**2 + 16*l - 29. Determine k(11).
26
Let k(u) = 300*u + 850. Give k(-3).
-50
Let b(u) = -3*u**3 - 73*u**2 + 79*u + 726. Determine b(-25).
1
Let m(t) = t**2 + 68*t + 1144. Determine m(-31).
-3
Let j(z) = 370*z - 1481. What is j(4)?
-1
Let t(i) = 8*i**3 + i**2 + 4*i - 1. Give t(-2).
-69
Let w(v) = -10*v**2 - 11*v - 2. Calculate w(-4).
-118
Let c(m) = -6*m**2 - 256*m - 2734. Determine c(-21).
-4
Let y(r) = -293*r - 13788. Determine y(-47).
-17
Let u(p) = -p**2 - 46*p + 253. What is u(7)?
-118
Let d(u) = -34*u - 8. What is d(0)?
-8
Let y(t) = -t**2 + 15*t + 74. Calculate y(-15).
-376
Let f(t) = 20*t**2 + 771*t - 54. Give f(-39).
297
Let z(t) = 22*t - 149. Calculate z(-8).
-325
Let m(h) = -h**3 + 50*h**2 + 3*h + 108. Determine m(50).
258
Let n(k) = -13*k - 121. Calculate n(-9).
-4
Let g(q) = -407*q - 16526. What is g(-41)?
161
Let w(v) = -v**3 + 7*v**2 + 10*v - 115. What is w(7)?
-45
Let f(h) = 2*h**3 + 26*h**2 + 30*h + 22. Determine f(-12).
-50
Let a(u) = 483*u - 3868. Calculate a(8).
-4
Let w(l) = -l**3 - 46*l**2 + 85*l - 178. Give w(-48).
350
Let y(n) = n**2 + n - 59. Calculate y(-6).
-29
Let j(y) = -y**2 - 32*y + 682. Calculate j(15).
-23
Let f(g) = -g**2 + 455*g - 18860. Calculate f(46).
-46
Let r(a) = 3*a**2 + 22*a + 93. Give r(-4).
53
Let t(o) = -108*o - 3415. Calculate t(-32).
41
Let t(o) = o**2 + 580*o + 17. What is t(0)?
17
Let o(i) = 3*i**2 + 35*i + 82. Calculate o(-9).
10
Let g(w) = -2323*w + 9303. What is g(4)?
11
Let i(h) = -17*h + 105. Calculate i(22).
-269
Let o(c) = -c**3 + 6*c**2 + 24*c - 18. Determine o(11).
-359
Let x(b) = -10*b**2 + 232*b + 1351. Calculate x(28).
7
Let n(o) = -6*o - 173. What is n(0)?
-173
Let h(j) = -j**2 + 24*j - 131. Give h(8).
-3
Let r(a) = a**3 + 5*a**2 + 2*a + 5. Determine r(-5).
-5
Let y(s) = -91*s**2 + 368*s + 3. What is y(4)?
19
Let g(k) = -5*k**3 - 2098*k**2 + 842*k + 839. Determine g(-420).
-1
Let c(g) = -g**3 + 48*g**2 - 90*g - 84. Give c(46).
8
Let d(a) = 84*a + 6689. Give d(-85).
-451
Let b(j) = 23*j - 1564. What is b(59)?
-207
Let k(y) = 1336*y - 248494. What is k(186)?
2
Let u(r) = -13*r**2 - 13*r + 11. Calculate u(-3).
-67
Let t(g) = -5*g**2 - 9*g + 23. Determine t(3).
-49
Let g(y) = 2*y**2 - 16*y - 45. Give g(9).
-27
Let v(d) = -d**2 + 53*d + 628. Give v(63).
-2
Let l(h) = 11*h**2 + 108*h - 17. Calculate l(-10).
3
Let h(w) = 36*w**2 + 1261*w + 7. Give h(-35).
-28
Let a(h) = -25*h - 712. Give a(-24).
-112
Let u(p) = 2*p**2 - 50*p + 562. Give u(18).
310
Let h(l) = -l**3 + 63*l**2 - 491*l + 43. Calculate h(9).
-2
Let a(i) = -23*i + 1989. Calculate a(94).
-173
Let a(x) = -54*x + 4833. What is a(94)?
-243
Let f(v) = v**2 - 649*v + 1939. Determine f(3).
1
Let j(s) = -s**2 + 91*s + 3177. Calculate j(-27).
-9
Let q(d) = -d**2 + 192*d + 1519. What is q(-8)?
-81
Let o(s) = -7*s**2 - 90*s + 118. What is o(-19)?
-699
Let m(a) = -a**3 - 34*a**2 - 60*a + 8. What is m(-32)?
-120
Let o(k) = -3*k**2 - 13*k + 51. What is o(4)?
-49
Let x(f) = 3*f**2 - 15*f + 14. Give x(12).
266
Let m(f) = f**2 + 16*f - 318. Give m(-28).
18
Let v(t) = t**3 - 216*t**2 + 243*t - 6026. What is v(215)?
-6
Let d(o) = -127*o + 538. Calculate d(4).
30
Let b(i) = i**3 - 5*i**2 - 217*i + 1524. Give b(7).
103
Let i(x) = x**3 + 36*x**2 - 156*x + 153. Determine i(-40).
-7
Let m(d) = 16*d**3 - 529*d**2 + 33*d - 2. Determine m(33).
-2
Let k(u) = 5*u - 482. What is k(98)?
8
Let b(g) = -g**3 - 61*g**2 + 961*g - 70. Calculate b(-74).
4
Let m(a) = 3*a**3 + 96*a**2 + 76*a - 532. What is m(-31)?
-5
Let f(p) = -p**3 - 7*p**2 + 183*p - 16. Determine f(10).
114
Let x(s) = -s**3 + 18*s**2 - 5*s + 12. Determine x(18).
-78
Let b(g) = -5*g - 112. Determine b(-19).
-17
Let h(v) = 181*v - 720. Determine h(4).
4
Let y(i) = 6*i**3 - i**2 - 2*i + 2. Calculate y(2).
42
Let d(a) = -a**3 + 8*a**2 + 22*a - 14. Calculate d(10).
6
Let d(c) = -c**2 - 302*c - 302. Calculate d(-1).
-1
Let p(y) = 2*y**2 - 41*y - 412. Give p(28).
8
Let k(h) = 4034*h + 8095. Give k(-2).
27
Let n(b) = b**2 - 3908*b + 42875. Give n(11).
8
Let w(a) = a**3 - 9*a**2 + 44*a - 303. Determine w(8).
-15
Let o(i) = 32*i + 949. Calculate o(-30).
-11
Let s(f) = f**3 - 22*f**2 + 23*f - 16. Determine s(21).
26
Let p(y) = -59*y - 16. Determine p(-1).
43
Let x(a) = 4*a**2 - 8*a - 22. Determine x(-7).
230
Let b(a) = a**3 + 11*a**2 + 49*a + 142. Determine b(-6).
28
Let k(q) = q**3 + 16*q**2 + 55*q + 3. Determine k(-11).
3
Let h(x) = 164*x + 5209. Determine h(-32).
-39
Let q(t) = -51*t**2 - 3*t - 7. Give q(-4).
-811
Let u(o) = -1006*o - 933. Determine u(-1).
73
Let p(q) = -q**3 + 18*q**2 + q - 9. What is p(18)?
9
Let n(x) = x**2 + 14*x - 428. Give n(15).
7
Let u(q) = q**3 - 26*q**2 + 71*q + 61. What is u(23)?
107
Let w(u) = u**3 + 14*u**2 + 77*u + 197. Calculate w(-7).
1
Let s(m) = 37*m - 244. What is s(9)?
89
Let n(a) = -a**2 - 9*a + 2. Give n(-4).
22
Let p(a) = -38*a + 60. Give p(5).
-130
Let x(u) = 2366*u + 26009. Determine x(-11).
-17
Let t(c) = 544*c - 5990. Determine t(11).
-6
Let u(f) = -2004*f + 54114. Determine u(27).
6
Let b(q) = 15*q - 196. Determine b(13).
-1
Let t(u) = 1181*u - 3538. Give t(3).
5
Let l(r) = -217*r - 7826. Give l(-36).
-14
Let f(w) = -12*w